{"id":8511,"date":"2022-09-20T14:41:52","date_gmt":"2022-09-20T17:41:52","guid":{"rendered":"https:\/\/silicotex.com.br\/loja\/?post_type=product&#038;p=8511"},"modified":"2023-06-14T13:43:59","modified_gmt":"2023-06-14T16:43:59","slug":"fita-elastica-20-mm-com-faixa-de-silicone-5-mm","status":"publish","type":"product","link":"https:\/\/silicotex.com.br\/loja\/produto\/fita-elastica-20-mm-com-faixa-de-silicone-5-mm\/","title":{"rendered":"Fita El\u00e1stica 20 mm com faixa de silicone"},"content":{"rendered":"<h3>Fita El\u00e1stica 20 mm com faixa de silicone 5 mm<\/h3>\n<p>COMPOSI\u00c7\u00c3O:<br \/>\n70% POLIESTER<br \/>\n30% ELASTODIENO<\/p>\n<p>Aplica\u00e7\u00e3o: Fitness \/ Ciclismo<\/p>\n<h4>Rolo com 25 Metros<\/h4>\n<p><strong><span style=\"color: #99cc00;\">CORES:<\/span><\/strong><\/p>\n<p><strong>BRANCO<br \/>\n<\/strong>GTIN: 7898713430145<\/p>\n<p><strong>PRETO<br \/>\n<\/strong>GTIN: 7898713430138<\/p>\n<p>&nbsp;<\/p>\n<p><strong>\u21d2 Pode haver varia\u00e7\u00e3o na aplica\u00e7\u00e3o do silicone em 1mm, para mais ou menos.<\/strong><\/p>\n","protected":false},"excerpt":{"rendered":"<p><a href=\"https:\/\/web.whatsapp.com\/send?phone=551239622255&amp;text=\" target=\"_blank\" rel=\"noopener\"><img decoding=\"async\" loading=\"lazy\" class=\"alignnone wp-image-8636 size-medium\" src=\"http:\/\/silicotex.com.br\/loja\/wp-content\/uploads\/2022\/09\/clique-para-falar-pelo-whatsapp-300x104.png\" alt=\"\" width=\"300\" height=\"104\" srcset=\"https:\/\/silicotex.com.br\/loja\/wp-content\/uploads\/2022\/09\/clique-para-falar-pelo-whatsapp-300x104.png 300w, https:\/\/silicotex.com.br\/loja\/wp-content\/uploads\/2022\/09\/clique-para-falar-pelo-whatsapp.png 738w\" sizes=\"(max-width: 300px) 100vw, 300px\" \/><\/a><\/p>\n","protected":false},"featured_media":8512,"template":"","meta":[],"product_cat":[161],"product_tag":[179,181,180,183,184,185,186,178,189,190,182],"_links":{"self":[{"href":"https:\/\/silicotex.com.br\/loja\/wp-json\/wp\/v2\/product\/8511"}],"collection":[{"href":"https:\/\/silicotex.com.br\/loja\/wp-json\/wp\/v2\/product"}],"about":[{"href":"https:\/\/silicotex.com.br\/loja\/wp-json\/wp\/v2\/types\/product"}],"wp:featuredmedia":[{"embeddable":true,"href":"https:\/\/silicotex.com.br\/loja\/wp-json\/wp\/v2\/media\/8512"}],"wp:attachment":[{"href":"https:\/\/silicotex.com.br\/loja\/wp-json\/wp\/v2\/media?parent=8511"}],"wp:term":[{"taxonomy":"product_cat","embeddable":true,"href":"https:\/\/silicotex.com.br\/loja\/wp-json\/wp\/v2\/product_cat?post=8511"},{"taxonomy":"product_tag","embeddable":true,"href":"https:\/\/silicotex.com.br\/loja\/wp-json\/wp\/v2\/product_tag?post=8511"}],"curies":[{"name":"wp","href":"https:\/\/api.w.org\/{rel}","templated":true}]}}