{"id":8552,"date":"2022-09-23T21:09:30","date_gmt":"2022-09-24T00:09:30","guid":{"rendered":"https:\/\/silicotex.com.br\/loja\/?post_type=product&#038;p=8552"},"modified":"2023-06-05T14:17:50","modified_gmt":"2023-06-05T17:17:50","slug":"fita-elastica-25-mm-com-silicone-onda-dupla","status":"publish","type":"product","link":"https:\/\/silicotex.com.br\/loja\/produto\/fita-elastica-25-mm-com-silicone-onda-dupla\/","title":{"rendered":"Fita El\u00e1stica 25 mm com silicone Onda Dupla"},"content":{"rendered":"<h3>Fita El\u00e1stica 25 mm com aplica\u00e7\u00e3o de silicone Onda Dupla<\/h3>\n<p>COMPOSI\u00c7\u00c3O:<br \/>\n70% POLIESTER<br \/>\n30% ELASTODIENO<\/p>\n<p>Aplica\u00e7\u00e3o: Lingerie \/ Fitness \/ Ciclismo<\/p>\n<h4>Rolo com 25 Metros<\/h4>\n<p><strong><span style=\"color: #99cc00;\">CORES:<\/span><\/strong><\/p>\n<p><strong>PRETO<br \/>\n<\/strong>GTIN: 7898713430206<\/p>\n","protected":false},"excerpt":{"rendered":"<p><a href=\"https:\/\/web.whatsapp.com\/send?phone=551239622255&amp;text=\" target=\"_blank\" rel=\"noopener\"><img decoding=\"async\" loading=\"lazy\" class=\"alignnone wp-image-8636 size-medium\" src=\"http:\/\/silicotex.com.br\/loja\/wp-content\/uploads\/2022\/09\/clique-para-falar-pelo-whatsapp-300x104.png\" alt=\"\" width=\"300\" height=\"104\" srcset=\"https:\/\/silicotex.com.br\/loja\/wp-content\/uploads\/2022\/09\/clique-para-falar-pelo-whatsapp-300x104.png 300w, https:\/\/silicotex.com.br\/loja\/wp-content\/uploads\/2022\/09\/clique-para-falar-pelo-whatsapp.png 738w\" sizes=\"(max-width: 300px) 100vw, 300px\" \/><\/a><\/p>\n","protected":false},"featured_media":8555,"template":"","meta":[],"product_cat":[156],"product_tag":[179,181,180,183,184,185,186,178,198,199,182],"_links":{"self":[{"href":"https:\/\/silicotex.com.br\/loja\/wp-json\/wp\/v2\/product\/8552"}],"collection":[{"href":"https:\/\/silicotex.com.br\/loja\/wp-json\/wp\/v2\/product"}],"about":[{"href":"https:\/\/silicotex.com.br\/loja\/wp-json\/wp\/v2\/types\/product"}],"wp:featuredmedia":[{"embeddable":true,"href":"https:\/\/silicotex.com.br\/loja\/wp-json\/wp\/v2\/media\/8555"}],"wp:attachment":[{"href":"https:\/\/silicotex.com.br\/loja\/wp-json\/wp\/v2\/media?parent=8552"}],"wp:term":[{"taxonomy":"product_cat","embeddable":true,"href":"https:\/\/silicotex.com.br\/loja\/wp-json\/wp\/v2\/product_cat?post=8552"},{"taxonomy":"product_tag","embeddable":true,"href":"https:\/\/silicotex.com.br\/loja\/wp-json\/wp\/v2\/product_tag?post=8552"}],"curies":[{"name":"wp","href":"https:\/\/api.w.org\/{rel}","templated":true}]}}